{"id":72,"date":"2023-11-27T16:02:35","date_gmt":"2023-11-27T15:02:35","guid":{"rendered":"https:\/\/espacefine.net\/?page_id=72"},"modified":"2023-11-27T18:19:38","modified_gmt":"2023-11-27T17:19:38","slug":"a-propos","status":"publish","type":"page","link":"https:\/\/espacefine.net\/","title":{"rendered":"\u00c0 propos"},"content":{"rendered":"\n<p>Cette carte de visite est celle de Fran\u00e7ois Tison, correcteur et \u00e9diteur depuis 2006. Le plus clair de ce temps a \u00e9t\u00e9 employ\u00e9 comme ind\u00e9pendant, mais il a aussi travaill\u00e9 comme responsable \u00e9ditorial aux Presses universitaires de Lyon.<\/p>\n\n\n\n<p>Le c\u0153ur de son travail d\u2019artisan du livre touche aux sciences humaines, \u00e0 la litt\u00e9rature et \u00e0 l\u2019histoire de l\u2019art.<\/p>\n\n\n\n<p>Les livres qu\u2019il a pr\u00e9par\u00e9s sont parus notamment chez Allia, Le Bruit du temps, Droz, Exc\u00e8s, Hermann, Loevenbruck, Seghers et Vrin, ou au sein du r\u00e9seau Canop\u00e9, du Centre allemand d\u2019histoire de l\u2019art, des colloques de Cerisy, de l\u2019universit\u00e9 Doshisha (Japon), de l\u2019Enssib (\u00c9cole nationale sup\u00e9rieure des sciences de l\u2019information et des biblioth\u00e8ques), de la revue <em>Europe<\/em> ou de l\u2019Institut fran\u00e7ais d\u2019\u00e9ducation.<\/p>\n\n\n\n<p>Parmi les commandes de communication institutionnelle, il a supervis\u00e9 les livres-programmes des festivals de musique de Saintes et de La Chaise-Dieu, corrig\u00e9 la pr\u00e9fecture de police de Paris, soign\u00e9 le trimestriel de la F\u00e9d\u00e9ration fran\u00e7aise du massage-bien-\u00eatre et fourbi le rapport annuel du Centre technique de la construction m\u00e9tallique.<\/p>\n","protected":false},"excerpt":{"rendered":"<p>Cette carte de visite est celle de Fran\u00e7ois Tison, correcteur et \u00e9diteur depuis 2006. Le plus clair de ce temps a \u00e9t\u00e9 employ\u00e9 comme ind\u00e9pendant, mais il a aussi travaill\u00e9 comme responsable \u00e9ditorial aux Presses universitaires de Lyon. Le c\u0153ur de son travail d\u2019artisan du livre touche aux sciences humaines, \u00e0 la litt\u00e9rature et \u00e0 [&hellip;]<\/p>\n","protected":false},"author":1,"featured_media":0,"parent":0,"menu_order":0,"comment_status":"closed","ping_status":"closed","template":"","meta":{"footnotes":""},"class_list":["post-72","page","type-page","status-publish","hentry"],"_links":{"self":[{"href":"https:\/\/espacefine.net\/index.php\/wp-json\/wp\/v2\/pages\/72","targetHints":{"allow":["GET"]}}],"collection":[{"href":"https:\/\/espacefine.net\/index.php\/wp-json\/wp\/v2\/pages"}],"about":[{"href":"https:\/\/espacefine.net\/index.php\/wp-json\/wp\/v2\/types\/page"}],"author":[{"embeddable":true,"href":"https:\/\/espacefine.net\/index.php\/wp-json\/wp\/v2\/users\/1"}],"replies":[{"embeddable":true,"href":"https:\/\/espacefine.net\/index.php\/wp-json\/wp\/v2\/comments?post=72"}],"version-history":[{"count":7,"href":"https:\/\/espacefine.net\/index.php\/wp-json\/wp\/v2\/pages\/72\/revisions"}],"predecessor-version":[{"id":103,"href":"https:\/\/espacefine.net\/index.php\/wp-json\/wp\/v2\/pages\/72\/revisions\/103"}],"wp:attachment":[{"href":"https:\/\/espacefine.net\/index.php\/wp-json\/wp\/v2\/media?parent=72"}],"curies":[{"name":"wp","href":"https:\/\/api.w.org\/{rel}","templated":true}]}}

À propos

<p>Cette carte de visite est celle de François Tison, correcteur et éditeur depuis 2006. Le plus clair de ce temps a été employé comme indépendant, mais il a aussi travaillé comme responsable éditorial aux Presses universitaires de Lyon.</p>



<p>Le cœur de son travail d’artisan du livre touche aux sciences humaines, à la littérature et à l’histoire de l’art.</p>



<p>Les livres qu’il a préparés sont parus notamment chez Allia, Le Bruit du temps, Droz, Excès, Hermann, Loevenbruck, Seghers et Vrin, ou au sein du réseau Canopé, du Centre allemand d’histoire de l’art, des colloques de Cerisy, de l’université Doshisha (Japon), de l’Enssib (École nationale supérieure des sciences de l’information et des bibliothèques), de la revue <em>Europe</em> ou de l’Institut français d’éducation.</p>



<p>Parmi les commandes de communication institutionnelle, il a supervisé les livres-programmes des festivals de musique de Saintes et de La Chaise-Dieu, corrigé la préfecture de police de Paris, soigné le trimestriel de la Fédération française du massage-bien-être et fourbi le rapport annuel du Centre technique de la construction métallique.</p>

<p>Cette carte de visite est celle de François Tison, correcteur et éditeur depuis 2006. Le plus clair de ce temps a été employé comme indépendant, mais il a aussi travaillé comme responsable éditorial aux Presses universitaires de Lyon. Le cœur de son travail d’artisan du livre touche aux sciences humaines, à la littérature et à [&hellip;]</p>
